 j(7).
4
Let h(t) = -3*t**2 - 56*t - 26. Let s be h(-18). Let y(g) = -g**3 + 11*g**2 - 10*g + 5. Calculate y(s).
5
Let y(w) = 2*w + 5. Let u(f) be the first derivative of f**4/4 - 7*f**3/3 - f**2/2 + 2*f + 6. Let a be u(7). Determine y(a).
-5
Let n = -33 - -22. Let u(q) = q**2 + 10*q - 6. What is u(n)?
5
Let v be 40/32*1*4. Let t = 16 - v. Let p = 15 - t. Let w(g) = g**3 - 3*g**2 - 3*g + 4. Calculate w(p).
8
Let r(b) = -27*b + 7. Let u(w) = 29*w - 9. Let a(o) = 4*r(o) + 3*u(o). Calculate a(-1).
22
Let f(u) = -6*u + 21. Let b(d) = -d + 4. Suppose 2*y - 5*k + 17 = 0, -5*y - 2*k = -0 - 30. Let v(a) = y*f(a) - 21*b(a). Determine v(-3).
9
Let f(w) = -w**3 - 2*w**2. Let v be f(0). Suppose v = 5*i - 6*i - 5. Let m(j) = j**3 + 6*j**2 + 3*j - 6. What is m(i)?
4
Let u be (3 - -1) + 0 + 0. Suppose 4*f - z = -u*z - 33, -2*f = -4*z. Let x(r) be the first derivative of -r**3/3 - 3*r**2 - 2*r - 2. What is x(f)?
-2
Let w(t) be the third derivative of t**8/20160 - t**7/2520 - t**6/240 - t**5/15 - 11*t**2. Let p(x) be the third derivative of w(x). Give p(4).
5
Suppose -77*b + 33 = -429. Let d(h) = 2*h - 13. Calculate d(b).
-1
Let h = 5 - 2. Let b(o) be the second derivative of o**5/10 - o**4/3 - 2*o**2 - 95*o. Calculate b(h).
14
Suppose -n = -10*n + 27. Let r(y) = 3*y**2 - 9*y - 3. Give r(n).
-3
Let a(x) = 27*x + 23*x - 78*x + 30*x - 7. What is a(4)?
1
Let k(b) = -6*b + 3. Suppose 4*d - 2*o = 10, -d - 23*o + 13 = -20*o. Give k(d).
-21
Let r(c) = -8*c - 9. Suppose 3*j - 7 = 2*j. Let x be (14/4)/(j/(-14)). Let t(o) = -4*o - 5. Let b(m) = x*t(m) + 4*r(m). What is b(-1)?
3
Let v(i) = 10*i**2 - 13*i + 15. Let x(d) = -17*d**2 + 26*d - 31. Let c(y) = -5*v(y) - 3*x(y). What is c(11)?
-4
Let i(b) = 5*b**2 + 12*b + 1. Let g(d) = -14*d**2 - 34*d - 2. Let m(v) = 4*g(v) + 11*i(v). Let j be (-9)/2 + 21/(-14). Give m(j).
-9
Let s(m) = m**3 - m - 17. Let n = -91 + 91. Give s(n).
-17
Let u be (0 - -3) + 0 + -9. Let r be (12/(-16))/(u/16). Let c(t) = t**3 - 2*t**2 - 3*t + 1. What is c(r)?
-5
Let y(m) = 5*m + 17. Suppose j + 9 = -l, 5*l + 35 = 5*j - 8*j. Calculate y(l).
-3
Suppose 3*z = -3*r + 6*r - 18, -12 = 4*z. Suppose -5*i = -2*i - 6. Let y be ((-2)/r)/(i/(-9)). Let g(d) = d**3 - 3*d**2 - d + 2. What is g(y)?
-1
Let u(j) = -j + 2. Suppose -59*o = -41*o + 90. What is u(o)?
7
Let h = -14 + 17. Let o be (14/21)/(2/h). Let s(y) = -y**2 - y + 1. Let w(i) = 7*i**2 + 6*i - 4. Let q(j) = o*w(j) + 6*s(j). Determine q(0).
2
Let g(y) be the third derivative of y**6/240 - 3*y**5/40 - 5*y**4/24 + 2*y**2. Let a(i) be the second derivative of g(i). Let h = 1 + 5. What is a(h)?
9
Let c(q) = 2*q**2 + q - q - q - 2*q**3. Let i(l) = -2*l**2 + 13*l - 3. Let d be i(6). Suppose 0 = d*k - 1 + 4, -3*k = -5*w + 13. Give c(w).
-10
Let b(u) = 2*u**2 - u**3 + 3 + 3*u**2 + 2*u**2 + 11*u + 3*u**2. What is b(11)?
3
Let p(g) = 7*g**3 + 3*g**2 + 3*g + 6. Let u(j) = j**3 + 1. Suppose -8*a - 2*a = 60. Let b(h) = a*u(h) + p(h). Give b(-2).
-2
Let n(z) = -53*z**3 + z**2 + z + 1. Let d be (-12)/27 - (-110)/(-198). Give n(d).
54
Let d(n) = 0*n - n + 2*n + 334 - 323 + n. What is d(-14)?
-17
Let b(x) = 3*x - 11. Let v(r) = 5*r**2 + 23*r - 2. Let o be v(-5). Determine b(o).
13
Let s = -87 - -89. Let v(j) = -j**s - 139*j + 4 + 139*j. Give v(0).
4
Suppose -27 = -5*s + 3*b - b, -4 = 4*b. Suppose -3*v - 2 = -2*u, -4*v - 4*u + 7 + 17 = 0. Let r(k) = 2 - 4*k + v*k + k. What is r(s)?
-3
Let n(h) = -2*h - 7. Suppose k - 13 = 5*f, -5*f = -2*k - 2*k + 7. Determine n(k).
-3
Let u be (-56)/(-10) - (-20)/50. Let y(l) = u*l - 4*l + 4 - l. What is y(-6)?
-2
Let t = -111/11 + 1343/132. Let l(x) be the third derivative of 1/6*x**3 + 0*x - t*x**4 + 0 + 5*x**2. Determine l(6).
-11
Let x(g) be the first derivative of -25*g**2/2 + 2*g + 70. Calculate x(2).
-48
Suppose 9*v = 10*v + 9. Let q(u) = u**3 + 10*u**2 + 10*u + 10. What is q(v)?
1
Let l(q) = -7*q**2 - 4*q + 303*q**3 + 9 - 153*q**3 - 149*q**3. Determine l(7).
-19
Let k(w) = -4*w**3 + 2*w**2 + 4*w + 7. Let d = -42 + 37. Let z(f) = 6*f**3 - 3*f**2 - 6*f - 10. Let o(t) = d*z(t) - 7*k(t). What is o(-1)?
2
Let m(t) = t + 4. Suppose -17*h + 22 = -15*h. Suppose h*s + 0*s = 4*s. What is m(s)?
4
Let f = -5 + 31. Let d = -29 + f. Let y(t) = -t**2 + 4. What is y(d)?
-5
Let u(p) = -p**3 + 14*p**2 + 97*p + 3. Let i be u(-5). Let f(m) = m**3 + 6*m**2 - 8*m - 1. Determine f(i).
6
Let f be 327/18 + (-5)/30. Let y(k) = 4*k**2 - k - f*k**2 + 1 + 0*k**2 - k. Determine y(1).
-15
Let m(v) = 9 - v + 9 + 11 - 44 + 10. Let j be (-1)/(-4) + (-83)/(-4). Let p = -15 + j. Calculate m(p).
-11
Let f(s) be the first derivative of 7*s**6/360 + s**4/24 + 12*s**3 - 28. Let w(h) be the third derivative of f(h). What is w(-1)?
8
Let b(s) = -s**2 + 5*s + 2. Let v(f) = f**2 + 16*f + 43. Let a be v(-13). Calculate b(a).
6
Suppose 17*y + 8 = 15*y - 4*b, y + b = -2. Let x(r) = r**2 - r + 9. Determine x(y).
9
Suppose 1430*v = 1441*v + 99. Let m(w) = w**2 + 11*w + 12. Give m(v).
-6
Let i(q) be the first derivative of -q**5/20 - q**4/2 - q**3 + 3*q**2 + 24*q + 2. Let f(m) be the first derivative of i(m). Determine f(-5).
11
Suppose -13 = -5*a - 4*b, 2*a + 3*a + 2*b - 9 = 0. Let r(x) be the second derivative of -3*x**4/4 - x**3/6 + 22*x. Give r(a).
-10
Suppose p - 12 = -2*p. Let k(n) = 10*n - p*n - 6*n + 4 + n. Let d be ((-8)/(-10))/((-4)/(-20)). Calculate k(d).
8
Let v be 2 + -4 + 3 + -2. Let z = v + 4. Let x(k) = 2*k**2 - 2*k + 3. Let y(j) = -j. Let l(n) = x(n) + 3*y(n). Give l(z).
6
Let c(a) be the third derivative of 0*a**3 - 1/30*a**6 + 1/30*a**5 + 0 + 34*a**2 + 1/24*a**4 + 0*a. Give c(2).
-22
Let l(m) = 2*m**2 + 4*m + 1. Let q be l(6). Let r(c) = -q*c + 103*c + 0 + 2. What is r(-2)?
-10
Let c(k) = 5*k**3 - k**3 - 2*k**2 + k**2 + 5*k - 5 + 3*k**2. Let x(y) = -5*y**3 - y**2 - 5*y + 6. Let s(l) = 4*c(l) + 3*x(l). Calculate s(-4).
-6
Let r(q) = q**2 + 9*q - 9. Suppose 0 = 4*l + 24 - 32. Let y(d) = d**3 - 6*d**2 + 6*d - 6. Let h be y(l). Give r(h).
1
Let r(p) = -p - 19. Let i = -380 - -364. Calculate r(i).
-3
Suppose w = v - 30, 4*w - 3*w - 130 = -4*v. Let k = 37 - v. Let y(r) = 2 + r - 3*r**2 - k*r**2 + 9*r**2. Give y(-2).
4
Let p(z) be the third derivative of -5*z**4/24 + 17*z**3/6 + 8*z**2 - 15. What is p(4)?
-3
Let y(d) be the first derivative of d**2/2 + 2*d - 20. Let t be (-4 - (-3 + -3)) + (-6 - -2). Give y(t).
0
Suppose -r = 4*i - 12, 4 = 5*i + 4*r - 22. Let v(a) = -1 + 2 + 15*a**i + 5*a**2. Calculate v(-1).
21
Suppose -d - d - 4*l = -2, -4*d - 3*l = 11. Let g(h) = h - 158 + 47 + 63 + 60. What is g(d)?
7
Let z = -30 + 45. Let a = z - 18. Let i(f) = 2 + 1 + 1 + f - 3. Determine i(a).
-2
Let t = 300 + -307. Let w(l) = l**3 + 8*l**2 + 5*l - 9. Determine w(t).
5
Let p(n) be the first derivative of -n**3/3 + 13*n**2/2 + 17*n + 117. Give p(14).
3
Let v(z) = 13*z - 556. Let a be v(43). Let w(m) = 2*m**3 - 6*m**2 + 2*m - 3. Give w(a).
3
Let c(g) = g - 2. Let u be (-1 - 4)/1*-1. Suppose 0 = u*s - 25, 4*y - 4*s - s + 49 = 0. Give c(y).
-8
Let r(q) = -q**3 + 6*q**2 - 6*q - 2. Let x = 53 - 28. Suppose -5*k + x = 0, -7*h + 8*h - k = 0. Determine r(h).
-7
Let o(i) = i**3 - 9*i**2 + 5*i + 18. Let f be o(8). Let q(d) = d**2 + 6*d + 2. What is q(f)?
2
Let d(w) be the second derivative of -w**3/2 + 3*w**2/2 - w. Let u(n) = 7*n - 6. Let v(b) = 5*d(b) + 2*u(b). Let r be ((-2)/(-4))/(1/12). What is v(r)?
-3
Let f(m) be the second derivative of 3/2*m**2 + 0 - m**3 + 1/12*m**4 - m. Suppose -2*j + 3 + 1 = 0. Determine f(j).
-5
Let f(c) be the second derivative of -c**4/12 - 3*c**3/2 + 3*c**2 - 101*c. Determine f(-10).
-4
Let y(z) = 2*z**2 - z + 1. Let i(b) = -25*b + 2. Let p be i(-1). Let m be (((-48)/(-27))/(-4))/((-6)/p). Calculate y(m).
7
Let k(z) = 2*z**2 + 3*z + 4. Let y be k(0). Suppose 3*n + y*w = w - 15, -5 = 4*n + w. Let o(a) = a**3 - a**2 - a - 1. What is o(n)?
-1
Let f = 57 - 37. Suppose -l - 5*b - 16 = 0, -4*l - 3*b = -5*b + f. Let a(j) = -2*j - 9. Give a(l).
3
Let h(s) = -15*s - 16 + 14*s + 0. Give h(-6).
-10
Let q(m) be the second derivative of m**5/20 - 7*m**4/12 + 7*m**3/6 + m**2 + 67*m. Determine q(6).
8
Let p(z) = -8*z**2 + 272*z - 7. Let y be p(34). Let x(q) = 10*q + 68. Give x(y).
-2
Let j be -8 + 0 - (-24)/4. Let h(p) = p - 1. Let o(k) = 12*k + 3. Let w(t) = j*h(t) - o(t). Let z = -3 - -2. Determine w(z).
13
Let o(